 of 31079332.
2, 17, 457049
List the prime factors of 861399.
3, 7, 11, 113
What are the prime factors of 6170526?
2, 3, 114269
What are the prime factors of 3978805?
5, 795761
List the prime factors of 10587393.
3, 1176377
What are the prime factors of 23148868?
2, 5787217
List the prime factors of 12876819.
3, 4292273
List the prime factors of 3030909.
3, 7, 101, 1429
What are the prime factors of 4147879?
4147879
What are the prime factors of 2690377?
2690377
What are the prime factors of 6861?
3, 2287
List the prime factors of 1540957.
11, 19, 73, 101
What are the prime factors of 99711?
3, 1231
List the prime factors of 2197894.
2, 683, 1609
What are the prime factors of 132565?
5, 26513
What are the prime factors of 2281915?
5, 53, 79, 109
List the prime factors of 9011678.
2, 13, 307, 1129
What are the prime factors of 534046?
2, 257, 1039
What are the prime factors of 1227880?
2, 5, 30697
List the prime factors of 15398049.
3, 107, 47969
List the prime factors of 60431.
7, 89, 97
What are the prime factors of 2585586?
2, 3, 31, 13901
What are the prime factors of 128309?
31, 4139
What are the prime factors of 514565?
5, 102913
List the prime factors of 1625703.
3, 541901
What are the prime factors of 2198662?
2, 23, 47797
List the prime factors of 3710574.
2, 3, 7, 601
List the prime factors of 308659.
13, 23743
What are the prime factors of 5559550?
2, 5, 111191
List the prime factors of 369332.
2, 92333
What are the prime factors of 895405?
5, 7, 25583
What are the prime factors of 14652433?
53, 276461
List the prime factors of 239694.
2, 3, 7, 13, 439
List the prime factors of 783131.
783131
What are the prime factors of 8270638?
2, 241, 17159
What are the prime factors of 9319013?
11, 41, 20663
List the prime factors of 6758353.
7, 43, 22453
What are the prime factors of 3484789?
7, 11, 167, 271
List the prime factors of 5040529.
13, 19, 20407
What are the prime factors of 316204?
2, 7, 23, 491
What are the prime factors of 346151?
13, 26627
List the prime factors of 343050.
2, 3, 5, 2287
What are the prime factors of 21609520?
2, 5, 313, 863
List the prime factors of 11726718.
2, 3, 97, 20149
What are the prime factors of 5623?
5623
What are the prime factors of 262444?
2, 7, 13, 103
List the prime factors of 740871.
3, 263, 313
List the prime factors of 174964.
2, 17, 31, 83
What are the prime factors of 1809106?
2, 13, 17, 4093
List the prime factors of 2578166.
2, 1289083
List the prime factors of 37294.
2, 29, 643
What are the prime factors of 457047?
3, 43, 1181
What are the prime factors of 23345136?
2, 3, 162119
List the prime factors of 99121.
11, 9011
List the prime factors of 4237398.
2, 3, 11, 21401
What are the prime factors of 2835096?
2, 3, 11, 10739
List the prime factors of 2702018.
2, 11, 122819
What are the prime factors of 279878?
2, 139939
What are the prime factors of 149314?
2, 11, 617
What are the prime factors of 7076924?
2, 89, 103, 193
What are the prime factors of 188405?
5, 7, 769
What are the prime factors of 449940?
2, 3, 5, 7499
List the prime factors of 504609.
3, 7, 24029
List the prime factors of 233079.
3, 7, 11, 1009
What are the prime factors of 9324730?
2, 5, 932473
List the prime factors of 141863.
141863
What are the prime factors of 57019?
19, 3001
List the prime factors of 421438.
2, 210719
What are the prime factors of 3794895?
3, 5, 13, 499
List the prime factors of 108328.
2, 11, 1231
List the prime factors of 15966343.
41, 173, 2251
List the prime factors of 361830.
2, 3, 5, 7, 1723
List the prime factors of 7335202.
2, 7, 29, 89
What are the prime factors of 5782122?
2, 3, 139, 2311
List the prime factors of 1651875.
3, 5, 881
List the prime factors of 988853.
67, 14759
What are the prime factors of 518764?
2, 53, 2447
List the prime factors of 16258137.
3, 7, 17, 45541
List the prime factors of 1219327.
127, 9601
List the prime factors of 1753162.
2, 876581
What are the prime factors of 5830414?
2, 757, 3851
What are the prime factors of 4293303?
3, 7, 204443
List the prime factors of 783533.
783533
List the prime factors of 3988305.
3, 5, 31, 953
List the prime factors of 374108.
2, 7, 31, 431
What are the prime factors of 10409572?
2, 41, 63473
What are the prime factors of 6821544?
2, 3, 284231
List the prime factors of 1814593.
11, 164963
List the prime factors of 1456004.
2, 11, 33091
What are the prime factors of 1304271?
3, 313, 463
List the prime factors of 5457105.
3, 5, 40423
List the prime factors of 786209.
23, 34183
What are the prime factors of 6463514?
2, 3231757
What are the prime factors of 364387?
109, 3343
What are the prime factors of 7827227?
7827227
What are the prime factors of 176197?
7, 25171
What are the prime factors of 133411?
89, 1499
What are the prime factors of 18721900?
2, 5, 187219
What are the prime factors of 140805?
3, 5, 7, 149
What are the prime factors of 4030030?
2, 5, 403003
List the prime factors of 221623.
221623
List the prime factors of 745695.
3, 5, 73, 227
What are the prime factors of 817252?
2, 173, 1181
List the prime factors of 178493.
7, 43, 593
What are the prime factors of 4289573?
19, 225767
List the prime factors of 291975.
3, 5, 17, 229
What are the prime factors of 172296?
2, 3, 2393
List the prime factors of 18649234.
2, 9324617
List the prime factors of 728748.
2, 3, 31, 653
List the prime factors of 156000.
2, 3, 5, 13
List the prime factors of 6808153.
11, 397, 1559
List the prime factors of 196338.
2, 3, 43, 761
List the prime factors of 113917.
17, 6701
What are the prime factors of 627654?
2, 3, 73, 1433
What are the prime factors of 1843359?
3, 7, 61, 1439
What are the prime factors of 5742483?
3, 829, 2309
What are the prime factors of 390098?
2, 195049
What are the prime factors of 403539?
3, 134513
What are the prime factors of 248314?
2, 11, 11287
What are the prime factors of 438860?
2, 5, 21943
List the prime factors of 2777014.
2, 83, 16729
What are the prime factors of 592080?
2, 3, 5, 2467
What are the prime factors of 5394297?
3, 307, 5857
What are the prime factors of 2020759?
13, 155443
List the prime factors of 85705.
5, 61, 281
What are the prime factors of 562438?
2, 19, 41
What are the prime factors of 324257?
71, 4567
List the prime factors of 365247.
3, 40583
What are the prime factors of 916836?
2, 3, 76403
List the prime factors of 274635.
3, 5, 17, 359
What are the prime factors of 1391494?
2, 13, 109, 491
What are the prime factors of 3426616?
2, 31, 41, 337
List the prime factors of 2141728.
2, 17, 31, 127
List the prime factors of 2979787.
73, 40819
List the prime factors of 330568.
2, 7, 5903
What are the prime factors of 1681774?
2, 73, 11519
List the prime factors of 9772524.
2, 3, 43, 59, 107
What are the prime factors of 16079181?
3, 5359727
List the prime factors of 488307.
3, 139, 1171
List the prime factors of 5907893.
421, 14033
List the prime factors of 6413867.
2063, 3109
What are the prime factors of 33819236?
2, 11, 359, 2141
List the prime factors of 12943300.
2, 5, 71, 1823
List the prime factors of 21191283.
3, 2354587
List the prime factors of 40168.
2, 5021
List the prime factors of 1471646.
2, 11, 151, 443
List the prime factors of 249236.
2, 13, 4793
List the prime factors of 287168.
2, 7, 641
What are the prime factors of 10894817?
10894817
List the prime factors of 2395652.
2, 7, 67, 1277
List the prime factors of 2971736.
2, 17, 21851
List the prime factors of 315253.
367, 859
List the prime factors of 1359056.
2, 29, 101
List the prime factors of 144987.
3, 31, 1559
List the prime factors of 688834.
2, 344417
List the prime factors of 719828.
2, 179957
What are the prime factors of 17163065?
5, 3432613
List the prime factors of 169776.
2, 3, 131
List the prime factors of 148942.
2, 74471
What are the prime factors of 6892744?
2, 19, 137, 331
List the prime factors of 156639.
3, 7, 7459
List the prime factors of 449493.
3, 11, 53, 257
What are the prime factors of 5354959?
1693, 3163
What are the prime factors of 13849124?
2, 29, 119389
List the prime factors of 30193377.
3, 17, 592027
List the prime factors of 62232.
2, 3, 2593
What are the prime factors of 9585695?
5, 7, 103, 2659
What are the prime factors of 652251?
3, 19, 11443
List the prime factors of 2197356.